{"id":70,"date":"2021-08-04T17:05:47","date_gmt":"2021-08-04T17:05:47","guid":{"rendered":"https:\/\/yogaschulebasel.ch\/?page_id=70"},"modified":"2024-08-21T15:00:08","modified_gmt":"2024-08-21T15:00:08","slug":"ueber-mich","status":"publish","type":"page","link":"https:\/\/yogaschulebasel.ch\/index.php\/ueber-mich\/","title":{"rendered":"\u00dcber mich"},"content":{"rendered":"\n<div class=\"wp-block-columns is-layout-flex wp-container-core-columns-is-layout-9d6595d7 wp-block-columns-is-layout-flex\"><\/div>\n\n\n\n<p><strong>\u201cEs gibt Wichtigeres im Leben, als best\u00e4ndig dessen Geschwindigkeit zu erh\u00f6hen.\u201c&nbsp; <strong>(Mahatma Gandhi)<\/strong><br><\/strong><br>Yoga begleitet mich seit \u00fcber 20 Jahren und ist f\u00fcr mich ein lebenslanger Lernprozess und eine Inspirationsquelle. Yoga gibt mir die M\u00f6glichkeit, in unserer heutigen schnelllebigen und aussergew\u00f6hnlichen Zeit, immer wieder zur Ruhe zu kommen und mich mit meinem Geist und meinem K\u00f6rper auseinanderzusetzen. \u00dcber die Bewegung des K\u00f6rpers und der Wahrnehmung des Atems wird der Geist fokussiert und kann dabei ruhig werden. In der Meditation kann ich Fragen kl\u00e4ren oder mich auf ein Ziel ausrichten.&nbsp;<br>Meine Yogaerfahrungen gebe ich gerne weiter und m\u00f6chte meinen Kursteilnehmenden eine Insel bieten, auf der sie in ruhiger Atmosph\u00e4re \u00fcben und vom Alltag Abstand nehmen k\u00f6nnen.<\/p>\n\n\n\n<h4 class=\"wp-block-heading\" id=\"ausbildung-weiterbildung\">Ausbildung \/ Weiterbildung<\/h4>\n\n\n\n<p>2001 &#8211; 2006 Hatha Yoga-Ausbildung, <a href=\"http:\/\/www.lotosyoga.ch\/\">Lotos Yoga-Ausbildungsschule Basel<\/a> mit Diplomabschluss beim Berufsverband Yoga Schweiz <br>2006 &#8211; 2008, Viniyoga, Margarete St\u00fchl, Schweizer Yoga-Zentrum, Grenchen, <a href=\"https:\/\/schweizeryogazentrum.ch\/viniyoga.html\">Schweizer Yoga Zentrum <\/a><br>2010 Yoga f\u00fcr Senior*innen, Lotos Weiterbildung mit Carlo Vella, Janet Zimmermann<a href=\"https:\/\/lotosyoga.ch\/\"> <\/a><br>2013 Yoga aus spiraldynamischer Sicht, Claudia Guggenb\u00fchl, Meditationszentrum Thalwil, <a href=\"https:\/\/claudia-guggenbuehl.ch\/\">claudia-guggenbuehl.ch<\/a><br>2017\/2018 back in motion &#8211; Yoga f\u00fcr den R\u00fccken, zert. Lotos Weiterbildung mit Hansj\u00f6rg Straumann und Carla Felber, Basel<br>2021 Yoga Mudra Expertin bei Gertrud Hirschi, https:\/\/gertrudhirschi.ch\/<br>Regelm\u00e4ssige yogaspezifische Weiterbildungen: Faszienyoga, Yoga Dance, Gehirn, Nervensystem und Bewusstsein mit Bezug zum Yogaweg u.a.<\/p>\n\n\n\n<figure class=\"wp-block-image size-full is-resized\"><a href=\"https:\/\/www.swissyoga.ch\/\"><img loading=\"lazy\" decoding=\"async\" width=\"804\" height=\"804\" src=\"https:\/\/yogaschulebasel.ch\/wp-content\/uploads\/2022\/03\/Mitglied-Schwarz-RGB.png\" alt=\"\" class=\"wp-image-460\" style=\"width:114px;height:114px\" srcset=\"https:\/\/yogaschulebasel.ch\/wp-content\/uploads\/2022\/03\/Mitglied-Schwarz-RGB-300x300.png 300w, https:\/\/yogaschulebasel.ch\/wp-content\/uploads\/2022\/03\/Mitglied-Schwarz-RGB-150x150.png 150w, https:\/\/yogaschulebasel.ch\/wp-content\/uploads\/2022\/03\/Mitglied-Schwarz-RGB-768x768.png 768w, https:\/\/yogaschulebasel.ch\/wp-content\/uploads\/2022\/03\/Mitglied-Schwarz-RGB-660x660.png 660w, https:\/\/yogaschulebasel.ch\/wp-content\/uploads\/2022\/03\/Mitglied-Schwarz-RGB-100x100.png 100w, https:\/\/yogaschulebasel.ch\/wp-content\/uploads\/2022\/03\/Mitglied-Schwarz-RGB-200x200.png 200w\" sizes=\"auto, (max-width: 804px) 100vw, 804px\" \/><\/a><\/figure>\n\n\n\n\n\n\n\n<figure class=\"wp-block-image size-full is-resized\"><img loading=\"lazy\" decoding=\"async\" width=\"1082\" height=\"877\" src=\"https:\/\/yogaschulebasel.ch\/wp-content\/uploads\/2024\/08\/Qualicert_Siegel_DE_RGB.jpg\" alt=\"\" class=\"wp-image-814\" style=\"width:170px\" srcset=\"https:\/\/yogaschulebasel.ch\/wp-content\/uploads\/2024\/08\/Qualicert_Siegel_DE_RGB-300x243.jpg 300w, https:\/\/yogaschulebasel.ch\/wp-content\/uploads\/2024\/08\/Qualicert_Siegel_DE_RGB-1024x830.jpg 1024w, https:\/\/yogaschulebasel.ch\/wp-content\/uploads\/2024\/08\/Qualicert_Siegel_DE_RGB-768x622.jpg 768w, https:\/\/yogaschulebasel.ch\/wp-content\/uploads\/2024\/08\/Qualicert_Siegel_DE_RGB-814x660.jpg 814w, https:\/\/yogaschulebasel.ch\/wp-content\/uploads\/2024\/08\/Qualicert_Siegel_DE_RGB-100x81.jpg 100w, https:\/\/yogaschulebasel.ch\/wp-content\/uploads\/2024\/08\/Qualicert_Siegel_DE_RGB-150x122.jpg 150w, https:\/\/yogaschulebasel.ch\/wp-content\/uploads\/2024\/08\/Qualicert_Siegel_DE_RGB-200x162.jpg 200w\" sizes=\"auto, (max-width: 1082px) 100vw, 1082px\" \/><figcaption class=\"wp-element-caption\">Qualit\u00e4tslabel f\u00fcr Yoga<\/figcaption><\/figure>\n\n\n\n\n","protected":false},"excerpt":{"rendered":"<p>\u201cEs gibt Wichtigeres im Leben, als best\u00e4ndig dessen Geschwindigkeit zu erh\u00f6hen.\u201c&nbsp; (Mahatma Gandhi)Yoga begleitet mich seit \u00fcber 20 Jahren und ist f\u00fcr mich ein lebenslanger Lernprozess und eine Inspirationsquelle. Yoga gibt mir die M\u00f6glichkeit, in unserer heutigen schnelllebigen und aussergew\u00f6hnlichen Zeit, immer wieder zur Ruhe zu kommen und mich mit meinem Geist und meinem K\u00f6rper [&hellip;]<\/p>\n","protected":false},"author":1,"featured_media":454,"parent":0,"menu_order":0,"comment_status":"closed","ping_status":"closed","template":"","meta":{"footnotes":""},"class_list":["post-70","page","type-page","status-publish","has-post-thumbnail","hentry"],"_links":{"self":[{"href":"https:\/\/yogaschulebasel.ch\/index.php\/wp-json\/wp\/v2\/pages\/70","targetHints":{"allow":["GET"]}}],"collection":[{"href":"https:\/\/yogaschulebasel.ch\/index.php\/wp-json\/wp\/v2\/pages"}],"about":[{"href":"https:\/\/yogaschulebasel.ch\/index.php\/wp-json\/wp\/v2\/types\/page"}],"author":[{"embeddable":true,"href":"https:\/\/yogaschulebasel.ch\/index.php\/wp-json\/wp\/v2\/users\/1"}],"replies":[{"embeddable":true,"href":"https:\/\/yogaschulebasel.ch\/index.php\/wp-json\/wp\/v2\/comments?post=70"}],"version-history":[{"count":29,"href":"https:\/\/yogaschulebasel.ch\/index.php\/wp-json\/wp\/v2\/pages\/70\/revisions"}],"predecessor-version":[{"id":817,"href":"https:\/\/yogaschulebasel.ch\/index.php\/wp-json\/wp\/v2\/pages\/70\/revisions\/817"}],"wp:featuredmedia":[{"embeddable":true,"href":"https:\/\/yogaschulebasel.ch\/index.php\/wp-json\/wp\/v2\/media\/454"}],"wp:attachment":[{"href":"https:\/\/yogaschulebasel.ch\/index.php\/wp-json\/wp\/v2\/media?parent=70"}],"curies":[{"name":"wp","href":"https:\/\/api.w.org\/{rel}","templated":true}]}}