{"id":793,"date":"2024-08-21T14:28:43","date_gmt":"2024-08-21T14:28:43","guid":{"rendered":"https:\/\/yogaschulebasel.ch\/?page_id=793"},"modified":"2025-12-04T13:18:12","modified_gmt":"2025-12-04T13:18:12","slug":"workshops","status":"publish","type":"page","link":"https:\/\/yogaschulebasel.ch\/index.php\/workshops\/","title":{"rendered":"Workshops"},"content":{"rendered":"\n<h4 class=\"wp-block-heading\">Yoga Nidra mit Kl\u00e4ngen 2026<br>Freitag, 16.1., 13.2., 13.3., 24.4., 22.5., 16:30 \u2013 17:45 Uhr<br>Ort: Yoga Atelier, Petersgasse 32, 4051 Basel<\/h4>\n\n\n\n<p>Der yogische Schlaf zur Tiefenentspannung. Diese Technik kann bei muskul\u00e4ren Verspannungen, Burnout, Nervosit\u00e4t, Stress oder allgemeinen Ersch\u00f6pfungszust\u00e4nden sehr hilfreich sein. Die Schallwellen der Klangschalen dringen bis auf die Zellebene vor und verm\u00f6gen tiefsitzende Spannungen zu l\u00f6sen. K\u00f6per, Geist und Seele werden harmonisiert und vitalisiert.<\/p>\n\n\n\n<p><strong>Leitung<\/strong>: Orsina Studach und Ginette Geiser<br><strong>Kosten<\/strong>: CH 30.-, 4er Abo CHF 110.-<br><strong>Anmeldung<\/strong>: <a href=\"mailto:info@yogaschulebasel.ch\">info@yogaschulebasel.ch<\/a>, Tel. +41 79 758 18 73<br><\/p>\n\n\n\n<h4 class=\"wp-block-heading\" style=\"font-style:normal;font-weight:100\">Mantra Singen mit Jenni Kuhlmann findet im Januar oder Februar 2026 statt. Datum folgt.<br>Ort: Yoga Studio Ginette Geiser, H\u00fcningerstr. 4, im Hinterhof, 4056 Basel<\/h4>\n\n\n\n<p><strong>Kosten<\/strong>: <br><strong>Anmeldung<\/strong>: <a href=\"mailto:info@yogaschulebasel.ch\"><\/a><a href=\"mailto:info@yogaschulebasel.ch\">info@yogaschulebasel.ch<\/a>, Tel. +41 79 758 18 73<br><br><\/p>\n\n\n\n\n","protected":false},"excerpt":{"rendered":"<p>Yoga Nidra mit Kl\u00e4ngen 2026Freitag, 16.1., 13.2., 13.3., 24.4., 22.5., 16:30 \u2013 17:45 UhrOrt: Yoga Atelier, Petersgasse 32, 4051 Basel Der yogische Schlaf zur Tiefenentspannung. Diese Technik kann bei muskul\u00e4ren Verspannungen, Burnout, Nervosit\u00e4t, Stress oder allgemeinen Ersch\u00f6pfungszust\u00e4nden sehr hilfreich sein. Die Schallwellen der Klangschalen dringen bis auf die Zellebene vor und verm\u00f6gen tiefsitzende Spannungen zu [&hellip;]<\/p>\n","protected":false},"author":1,"featured_media":304,"parent":0,"menu_order":0,"comment_status":"closed","ping_status":"closed","template":"","meta":{"footnotes":""},"class_list":["post-793","page","type-page","status-publish","has-post-thumbnail","hentry"],"_links":{"self":[{"href":"https:\/\/yogaschulebasel.ch\/index.php\/wp-json\/wp\/v2\/pages\/793","targetHints":{"allow":["GET"]}}],"collection":[{"href":"https:\/\/yogaschulebasel.ch\/index.php\/wp-json\/wp\/v2\/pages"}],"about":[{"href":"https:\/\/yogaschulebasel.ch\/index.php\/wp-json\/wp\/v2\/types\/page"}],"author":[{"embeddable":true,"href":"https:\/\/yogaschulebasel.ch\/index.php\/wp-json\/wp\/v2\/users\/1"}],"replies":[{"embeddable":true,"href":"https:\/\/yogaschulebasel.ch\/index.php\/wp-json\/wp\/v2\/comments?post=793"}],"version-history":[{"count":19,"href":"https:\/\/yogaschulebasel.ch\/index.php\/wp-json\/wp\/v2\/pages\/793\/revisions"}],"predecessor-version":[{"id":882,"href":"https:\/\/yogaschulebasel.ch\/index.php\/wp-json\/wp\/v2\/pages\/793\/revisions\/882"}],"wp:featuredmedia":[{"embeddable":true,"href":"https:\/\/yogaschulebasel.ch\/index.php\/wp-json\/wp\/v2\/media\/304"}],"wp:attachment":[{"href":"https:\/\/yogaschulebasel.ch\/index.php\/wp-json\/wp\/v2\/media?parent=793"}],"curies":[{"name":"wp","href":"https:\/\/api.w.org\/{rel}","templated":true}]}}