{"id":794,"date":"2024-08-21T14:28:43","date_gmt":"2024-08-21T14:28:43","guid":{"rendered":"https:\/\/yogaschulebasel.ch\/?page_id=794"},"modified":"2025-12-04T13:01:25","modified_gmt":"2025-12-04T13:01:25","slug":"ferien","status":"publish","type":"page","link":"https:\/\/yogaschulebasel.ch\/index.php\/ferien\/","title":{"rendered":"Ferien"},"content":{"rendered":"\n<h4 class=\"wp-block-heading\" id=\"yoga-und-kulturwoche-sonntag-26-juni-bis-freitag-1-juli-2022\">2026 Yogaferien in Curaglia mit Orsina Studach<br>Sonntag, 22. bis Donnerstag, 26. Februar<br>Sonntag, 28. Juni bis Freitag, 3. Juli<\/h4>\n\n\n\n<p>Am Morgen praktizieren wir 75 Minuten und gegen Abend 90 Minuten Yoga. Dazwischen ist viel Zeit reserviert f\u00fcr Ausfl\u00fcge, Wanderungen, Faulenzen, in die Sauna gehen\u2026<\/p>\n\n\n\n<p><strong>Kursort:<\/strong> Hotel Medelina, www. medelina.ch, Curaglia, Val Medel<br><strong>Kosten:<\/strong> Kurs CHF 450 (Februar) und CHF 550.00 (Juni)<br><strong>Hotelkosten<\/strong> inkl. Fr\u00fchst\u00fcck und Abendessen: <br><strong>Februar (4 N\u00e4chte):<\/strong> <br>CHF 780.- Doppelzimmer oder 4er Zimmer als Einzelzimmer D\/WC<br>CHF 620.- (pro Person) Doppelzimmer oder Wohnung f\u00fcr zwei Personen D\/WC<br><strong>Juni (5 N\u00e4chte)<\/strong>:<br>CHF 875.- Kleines Einzelzimmer D\/WC<br>CHF 975.- Doppelzimmer als Einzelzimmer D\/WC, Balkon<br>Die Ferienwoche ist f\u00fcr alle Interessierten offen, die Freude an Yoga und Bergen haben.<br><strong>Organisation<\/strong>, <strong>Anmeldung<\/strong>: Ginette Geiser, dipl. Yogalehrerin YS\/EYU info@yogaschulebasel.ch, 079 758 18 73, www.yogaschulebasel.ch<br><strong>Kursleitung<\/strong>: Orsina Studach, dipl. Yogalehrerin YS\/EYU orsina@yoga-atelier-basel.ch, 079 829 47 45, www.yoga-atelier-basel.ch<\/p>\n","protected":false},"excerpt":{"rendered":"<p>2026 Yogaferien in Curaglia mit Orsina StudachSonntag, 22. bis Donnerstag, 26. FebruarSonntag, 28. Juni bis Freitag, 3. Juli Am Morgen praktizieren wir 75 Minuten und gegen Abend 90 Minuten Yoga. Dazwischen ist viel Zeit reserviert f\u00fcr Ausfl\u00fcge, Wanderungen, Faulenzen, in die Sauna gehen\u2026 Kursort: Hotel Medelina, www. medelina.ch, Curaglia, Val MedelKosten: Kurs CHF 450 (Februar) [&hellip;]<\/p>\n","protected":false},"author":1,"featured_media":240,"parent":0,"menu_order":0,"comment_status":"closed","ping_status":"closed","template":"","meta":{"footnotes":""},"class_list":["post-794","page","type-page","status-publish","has-post-thumbnail","hentry"],"_links":{"self":[{"href":"https:\/\/yogaschulebasel.ch\/index.php\/wp-json\/wp\/v2\/pages\/794","targetHints":{"allow":["GET"]}}],"collection":[{"href":"https:\/\/yogaschulebasel.ch\/index.php\/wp-json\/wp\/v2\/pages"}],"about":[{"href":"https:\/\/yogaschulebasel.ch\/index.php\/wp-json\/wp\/v2\/types\/page"}],"author":[{"embeddable":true,"href":"https:\/\/yogaschulebasel.ch\/index.php\/wp-json\/wp\/v2\/users\/1"}],"replies":[{"embeddable":true,"href":"https:\/\/yogaschulebasel.ch\/index.php\/wp-json\/wp\/v2\/comments?post=794"}],"version-history":[{"count":4,"href":"https:\/\/yogaschulebasel.ch\/index.php\/wp-json\/wp\/v2\/pages\/794\/revisions"}],"predecessor-version":[{"id":872,"href":"https:\/\/yogaschulebasel.ch\/index.php\/wp-json\/wp\/v2\/pages\/794\/revisions\/872"}],"wp:featuredmedia":[{"embeddable":true,"href":"https:\/\/yogaschulebasel.ch\/index.php\/wp-json\/wp\/v2\/media\/240"}],"wp:attachment":[{"href":"https:\/\/yogaschulebasel.ch\/index.php\/wp-json\/wp\/v2\/media?parent=794"}],"curies":[{"name":"wp","href":"https:\/\/api.w.org\/{rel}","templated":true}]}}